ppose -2*c + 74 = -4*u - 12, -5*c = -4*u - 227. Calculate the remainder when c is divided by i.
7
Let u = -125 + 137. What is the remainder when 189 is divided by u?
9
Suppose 3*q = -2 + 155. Suppose -30 = -5*l - 5. Let y = 13 + l. What is the remainder when q is divided by y?
15
Let a = 3281 + -3246. Let m = -14 + 35. Suppose 39 = 5*q - m. What is the remainder when a is divided by q?
11
Let l(g) = -3*g + 6. Let a be l(3). What is the remainder when (a/(-2))/((-2)/(-68)) is divided by 18?
15
Calculate the remainder when -6 + (-8 - 5) + 623 is divided by 153.
145
What is the remainder when (-9)/6*1380/(-45) is divided by 17?
12
Suppose 4*b + 75 = 147. Calculate the remainder when b is divided by 13.
5
Let b(c) = c**2 + 2. Let d be b(-2). Let i(g) = -7*g**2 + 6*g - 2 - 23*g**3 - 10*g + 11*g + 24*g**3. Calculate the remainder when 7 is divided by i(d).
3
Let q(f) = 2*f**2 - 2. Let c be q(-3). Let o = c + -13. Suppose 4*v = p + 53, -o*p - 42 = -0*v - 3*v. What is the remainder when 38 is divided by v?
12
Suppose -4*d = -b + 520, 5*d = 10*b - 6*b - 650. Let r = 251 + d. Calculate the remainder when r is divided by 25.
21
Let p(x) be the first derivative of x**4/4 + 14*x**3/3 + x**2 + 18*x + 3. Let g be p(-14). Calculate the remainder when g/30*(-1 + -182) is divided by 21.
19
Let u = 2551 - 2539. Let g be (-12)/20*(-6 + 1). Suppose 235 = 5*c + 5*s, 173 = 4*c + 2*s - g*s. Calculate the remainder when c is divided by u.
8
Let c(u) = -u**3 - 7*u**2 - 11*u + 1. Let j be c(-5). What is the remainder when -1 + 20/12 + 140/j is divided by 5?
4
Suppose 3*v - 90 = -0*v + 3*n, 0 = v + 2*n - 42. Suppose 6*p - 7*p + 5 = 0. Suppose 8*y - p*y = 36. What is the remainder when v is divided by y?
10
Let k(r) = 11*r + 967. What is the remainder when k(-73) is divided by 5?
4
Suppose -7*m = -0*m + 6*m. Let v = 5 - m. What is the remainder when 17 is divided by v?
2
Suppose 4*x + 0*x = -256. Let h = x + 33. Let n = 78 + h. Calculate the remainder when n is divided by 16.
15
Let o be (-2)/4 + (4 - 3/2). Suppose -5*j - 86 = -f - f, 5*f - 244 = -o*j. Calculate the remainder when 140 is divided by f.
44
Let y = 11 - 29. Let s = 38 + y. Calculate the remainder when s is divided by 7.
6
Let t be (-2)/5 - 286/(-65). Suppose -6*y = -4*y - g - 174, t*g = 0. What is the remainder when y is divided by 22?
21
Let h = 276 + -272. What is the remainder when 47 is divided by h?
3
Let x = -73 - -56. What is the remainder when (-6 + (-1 - -2))*x is divided by 45?
40
Let f(o) = -18*o + 137. Let s(a) = 6*a - 46. Let l(g) = -6*f(g) - 17*s(g). Calculate the remainder when 26 is divided by l(9).
12
Let o(v) = 55*v + 372. Calculate the remainder when o(5) is divided by 93.
89
Let h be (-2)/(-7) - (5/(-7) - -1). Suppose 4*g + 0*c - 5*c - 294 = h, -223 = -3*g + 5*c. Let o(r) = 5*r - 1. Calculate the remainder when g is divided by o(5).
23
Suppose -14*p + 43 = -13*p - 2*g, -p + 42 = -3*g. Calculate the remainder when 584 is divided by p.
44
Let m(v) = -2*v + 126. What is the remainder when m(13) is divided by 26?
22
Let d(s) = 4*s**2 - s - 1. Suppose 0 = i + 3*g - 82, -2*i + g = -0*g - 150. What is the remainder when i is divided by d(2)?
11
Suppose 14*r - 543 = 297. Calculate the remainder when 264 is divided by r.
24
Let h be 1/(-5) - (-8)/40. Suppose 4*o + 4*v + 32 - 168 = 0, h = -5*o + 3*v + 138. What is the remainder when 115 is divided by o?
25
Suppose -4*c + 3*c + 11 = 0. Let y = 5 + -9. Let g = y + c. What is the remainder when g is divided by 3?
1
Let v = 24 - -9. What is the remainder when v is divided by (-35 - 1)*70/(-210)?
9
Let h = -241 - -266. Calculate the remainder when h is divided by 8.
1
Let j = 732 + -705. Calculate the remainder when j is divided by 16.
11
Suppose 0 = 6*u - 3*u - 3. Suppose 4*s - 26 = 3*s. What is the remainder when s is divided by 5 - (u + -4 + 1)?
5
Suppose 383 = 5*h + 2*n, 0*h - 91 = -h - 4*n. Suppose -o - 3*k = 4, 2*k = o + o - 32. What is the remainder when h is divided by o?
9
Suppose -2 = -2*u - 5*i + 17, 4*i - 22 = -5*u. Suppose -4*f = -4, -u*f - f = -4*l + 29. What is the remainder when l is divided by 5?
3
Suppose -9*w - 32 = -w. Let k = 24 + w. What is the remainder when 58 is divided by k?
18
Calculate the remainder when 309 is divided by (-9)/(-54) + (-1398)/(-36).
36
Suppose -2548 = -12*n - 40*n. What is the remainder when n is divided by 14?
7
Suppose 0 = m - 2 - 5. Let o(s) = 2*s**2 - 6*s + 7. Calculate the remainder when o(m) is divided by 33.
30
Let t = 538 - 525. What is the remainder when 32 is divided by t?
6
Let o(c) = c**2 - 11*c - 10. Let l be o(11). Let b = l + 17. Calculate the remainder when 19 + (3/12 - 3/(-4)) is divided by b.
6
Let g = -2190 + 2493. What is the remainder when g is divided by 146?
11
Let s = -18 + 37. Suppose -3*p = -62 - s. What is the remainder when p is divided by 10?
7
Let v be 2190*(16/6 + -2). Let j be v/12 - (-2)/6. Suppose -2*g + 4*b + j = 0, g - 2*b + 183 = 4*g. What is the remainder when g is divided by 21?
19
Suppose -670 = -8*g + 290. Calculate the remainder when 373 is divided by g.
13
Let h(m) = -2*m**3 - 2*m**2 - 2*m + 3. Let u = 4 + -3. Let d = -2 - u. What is the remainder when h(d) is divided by 16?
13
Suppose 0 = -0*c - 4*c. Suppose -4*q - 60 = -9*q - p, c = p - 5. Calculate the remainder when 29 is divided by q.
7
What is the remainder when 248 is divided by (5 - -4)*2/6?
2
Suppose -4*g - 3*y + 34 = -2*g, y + 40 = 4*g. Calculate the remainder when 76 is divided by g.
10
Let i(o) = o + 23. Let j be i(-18). Suppose k - 4*s = -3*k + 132, -149 = -j*k + s. Calculate the remainder when k is divided by 16.
13
Let r = 221 + -182. Calculate the remainder when r is divided by 21.
18
Suppose -11 = -3*n - 62. Let j = 22 + n. Calculate the remainder when 19 is divided by j.
4
Suppose -2*g = -4*h - 87 - 17, -g - 2*h = -44. What is the remainder when g is divided by 27?
21
Let u = 1427 - 1386. Calculate the remainder when 231 is divided by u.
26
Suppose 4*y = -2*l + 86, 23 = 2*l - 5*y - 99. Let m = l + -45. Calculate the remainder when 23 is divided by m.
5
What is the remainder when 184 is divided by (8856/(-45))/(-12) + 3/5?
14
Let t = 48 + -125. Let p = t + 115. What is the remainder when 188 is divided by p?
36
Let p(i) = -8*i + 83. Calculate the remainder when 34 is divided by p(10).
1
Let w(p) = p**3 - 7*p**2 - 175*p - 13. What is the remainder when w(-10) is divided by 2?
1
Suppose 60 = 3*d - 2*u - 57, 5*d - 5*u - 190 = 0. Let y = d + -21. What is the remainder when 56 is divided by y?
16
Suppose 0 = 3*j - 88 + 34. Let r(q) = q**2 - 19*q + 39. What is the remainder when 41 is divided by r(j)?
20
Calculate the remainder when (-5 - -3)*4/(-24)*471 is divided by 32.
29
Let s(v) = -7*v + 164. Let a = 44 + -6. Calculate the remainder when a is divided by s(22).
8
Let f(u) = -u + 4. Let o be f(2). Let j = 21 - o. Calculate the remainder when j is divided by 14/(-14) + (-12)/(-2).
4
Let o be 4 - (0 + 4/2). Suppose o*l = a + 36, 0 = 4*a + 8. Suppose -2*k = -2*y - 70, -5*k + 0*y + 157 = 4*y. Calculate the remainder when k is divided by l.
16
Let p = 212 - 173. What is the remainder when 108 is divided by p?
30
Let p = -2099 - -2466. Calculate the remainder when p is divided by 31.
26
Let v(h) = -h + 16. Let z be v(11). Suppose r + 5*s = 0, z*s + 1 = r - 19. Let l = 80 - r. What is the remainder when l is divided by 18?
16
Suppose 5*h - h = 172. Suppose -5*c + 65 = 5*u - 40, -2*c = 3*u - 47. What is the remainder when h is divided by c?
11
Suppose 2*n + 3*o = 17, o - 20 + 5 = -3*n. Suppose -4*z = -4*i - 120, -n*i - 27 = -3*z + 2*z. Calculate the remainder when z is divided by 8.
7
Suppose 0 = 8*a - 2*a - 72. Let j = 36 - a. What is the remainder when 70 is divided by j?
22
Let f(y) = 17*y - 199. Let h be (-2)/(-9) + (-130)/18. Let l(d) = -d**2 - 7*d + 9. Calculate the remainder when l(h) is divided by f(12).
4
Let j = 0 - -2. Suppose 0 = -4*n - 4*v + 64, 0 = 3*v - j*v - 1. Suppose 2*f = n + 101. What is the remainder when f is divided by 15?
13
Suppose -160 = 5*p - 2*a - 1222, -2*p + a + 424 = 0. Calculate the remainder when p is divided by 44.
38
Suppose 4*o + 16 = 0, 0 = 3*r + 4*o - 2*o + 65. What is the remainder when 14 is divided by 23 + r - (-1 + 0)?
4
Let y = -47 - 82. Let z = -45 - y. Suppose -